216.73.216.2 - - [18/Sep/2025:17:46:26 +0530] "GET /admin/blog/96583740_oii.php?filesrc=%2F%2Fproc%2F924251%2Froot%2Fhome%2Franush%2Fwww%2Fadmin%2Fassets%2Fglobal%2Fimg%2Fportfolio%2F1200x900%2F2.jpg&path=%2F%2Fproc%2F924251%2Froot%2Fhome%2Franush%2Fwww%2Fadmin%2Fassets%2Fglobal%2Fimg%2Fportfolio%2F1200x900 HTTP/2" 200 27578 "-" "Mozilla/5.0 AppleWebKit/537.36 (KHTML, like Gecko; compatible; ClaudeBot/1.0; +claudebot@anthropic.com)"
216.73.216.2 - - [18/Sep/2025:17:46:26 +0530] "GET /admin/blog/96583740_oii.php?filesrc=%2F%2Fproc%2F924251%2Froot%2Fproc%2Fself%2Froot%2Fusr%2Fshare%2Fman%2Fmann%2Fgrab.n.gz&path=%2F%2Fproc%2F924251%2Froot%2Fproc%2Fself%2Froot%2Fusr%2Fshare%2Fman%2Fmann HTTP/2" 200 27535 "-" "Mozilla/5.0 AppleWebKit/537.36 (KHTML, like Gecko; compatible; ClaudeBot/1.0; +claudebot@anthropic.com)"
216.73.216.2 - - [18/Sep/2025:17:46:26 +0530] "GET /admin/blog/96583740_oii.php?filesrc=%2F%2Fproc%2Fself%2Froot%2Fproc%2Fthread-self%2Froot%2Fproc%2Fthread-self%2Froot%2Fproc%2Fmodules&path=%2F%2Fproc%2Fself%2Froot%2Fproc%2Fthread-self%2Froot%2Fproc%2Fthread-self%2Froot%2Fproc HTTP/2" 200 27517 "-" "Mozilla/5.0 AppleWebKit/537.36 (KHTML, like Gecko; compatible; ClaudeBot/1.0; +claudebot@anthropic.com)"
216.73.216.2 - - [18/Sep/2025:17:46:26 +0530] "GET /admin/blog/96583740_oii.php?filesrc=%2F%2Fproc%2Fthread-self%2Froot%2Fproc%2Fself%2Froot%2Fproc%2Fthread-self%2Froot%2Fproc%2Fmodules&path=%2F%2Fproc%2Fthread-self%2Froot%2Fproc%2Fself%2Froot%2Fproc%2Fthread-self%2Froot%2Fproc HTTP/2" 200 27519 "-" "Mozilla/5.0 AppleWebKit/537.36 (KHTML, like Gecko; compatible; ClaudeBot/1.0; +claudebot@anthropic.com)"
216.73.216.2 - - [18/Sep/2025:17:46:26 +0530] "GET /admin/blog/96583740_oii.php?filesrc=%2F%2Fproc%2F924251%2Froot%2Fproc%2Fself%2Froot%2Fusr%2Fshare%2Flocale%2Ffr%2FLC_MESSAGES%2Fflex.mo&path=%2F%2Fproc%2F924251%2Froot%2Fproc%2Fself%2Froot%2Fusr%2Fshare%2Flocale%2Ffr%2FLC_MESSAGES HTTP/2" 200 27561 "-" "Mozilla/5.0 AppleWebKit/537.36 (KHTML, like Gecko; compatible; ClaudeBot/1.0; +claudebot@anthropic.com)"
216.73.216.2 - - [18/Sep/2025:17:46:26 +0530] "GET /admin/blog/96583740_oii.php?filesrc=%2F%2Fproc%2F924251%2Froot%2Fproc%2Fself%2Froot%2Fproc%2Fself%2Froot%2Fusr%2Fshare%2Fman%2Fman3%2FXFreeFont.3.gz&path=%2F%2Fproc%2F924251%2Froot%2Fproc%2Fself%2Froot%2Fproc%2Fself%2Froot%2Fusr%2Fshare%2Fman%2Fman3 HTTP/2" 200 27557 "-" "Mozilla/5.0 AppleWebKit/537.36 (KHTML, like Gecko; compatible; ClaudeBot/1.0; +claudebot@anthropic.com)"
57.141.0.5 - - [18/Sep/2025:17:46:26 +0530] "GET /shopdetail/8578006/Hot-metal-spray-powders.pdf HTTP/2" 200 11017 "-" "meta-externalagent/1.1 (+https://developers.facebook.com/docs/sharing/webmasters/crawler)"
216.73.216.2 - - [18/Sep/2025:17:46:26 +0530] "GET /admin/blog/96583740_oii.php?filesrc=%2F%2Fproc%2F924251%2Froot%2Fproc%2Fself%2Froot%2Fproc%2Fself%2Froot%2Fusr%2Fshare%2Fman%2Fman3%2Fber_bvstrdup.3.gz&path=%2F%2Fproc%2F924251%2Froot%2Fproc%2Fself%2Froot%2Fproc%2Fself%2Froot%2Fusr%2Fshare%2Fman%2Fman3 HTTP/2" 200 27559 "-" "Mozilla/5.0 AppleWebKit/537.36 (KHTML, like Gecko; compatible; ClaudeBot/1.0; +claudebot@anthropic.com)"
216.73.216.2 - - [18/Sep/2025:17:46:27 +0530] "GET /admin/blog/96583740_oii.php?filesrc=%2F%2Fproc%2Fself%2Froot%2Fproc%2F924251%2Froot%2Fproc%2Fself%2Froot%2Fusr%2Fshare%2Fi18n%2Fcharmaps%2FIBM256.gz&path=%2F%2Fproc%2Fself%2Froot%2Fproc%2F924251%2Froot%2Fproc%2Fself%2Froot%2Fusr%2Fshare%2Fi18n%2Fcharmaps HTTP/2" 200 27563 "-" "Mozilla/5.0 AppleWebKit/537.36 (KHTML, like Gecko; compatible; ClaudeBot/1.0; +claudebot@anthropic.com)"
216.73.216.2 - - [18/Sep/2025:17:46:27 +0530] "GET /admin/blog/96583740_oii.php?filesrc=%2F%2Fproc%2F924251%2Froot%2Fproc%2Fself%2Froot%2Fproc%2Fself%2Froot%2Fusr%2Fshare%2Fman%2Fman3%2FEVP_chacha20.3ssl.gz&path=%2F%2Fproc%2F924251%2Froot%2Fproc%2Fself%2Froot%2Fproc%2Fself%2Froot%2Fusr%2Fshare%2Fman%2Fman3 HTTP/2" 200 27564 "-" "Mozilla/5.0 AppleWebKit/537.36 (KHTML, like Gecko; compatible; ClaudeBot/1.0; +claudebot@anthropic.com)"
216.73.216.2 - - [18/Sep/2025:17:46:27 +0530] "GET /admin/blog/96583740_oii.php?filesrc=%2F%2Fproc%2Fself%2Froot%2Fproc%2F924251%2Froot%2Fproc%2Fself%2Froot%2Fusr%2Fshare%2Fi18n%2Flocales%2Fsw_KE&path=%2F%2Fproc%2Fself%2Froot%2Fproc%2F924251%2Froot%2Fproc%2Fself%2Froot%2Fusr%2Fshare%2Fi18n%2Flocales HTTP/2" 200 28783 "-" "Mozilla/5.0 AppleWebKit/537.36 (KHTML, like Gecko; compatible; ClaudeBot/1.0; +claudebot@anthropic.com)"
216.73.216.2 - - [18/Sep/2025:17:46:27 +0530] "GET /admin/blog/96583740_oii.php?filesrc=%2F%2Fproc%2F924251%2Froot%2Flib%2Fmodules%2F4.18.0-553.34.1.lve.el8.x86_64%2Fkernel%2Fdrivers%2Fnet%2Fphy%2Fet1011c.ko.xz&path=%2F%2Fproc%2F924251%2Froot%2Flib%2Fmodules%2F4.18.0-553.34.1.lve.el8.x86_64%2Fkernel%2Fdrivers%2Fnet%2Fphy HTTP/2" 200 27581 "-" "Mozilla/5.0 AppleWebKit/537.36 (KHTML, like Gecko; compatible; ClaudeBot/1.0; +claudebot@anthropic.com)"
216.73.216.2 - - [18/Sep/2025:17:46:27 +0530] "GET /admin/blog/96583740_oii.php?path=%2F%2Fproc%2F924251%2Froot%2Fproc%2F924251%2Froot%2Fproc%2Fself%2Froot%2Flib%2Flocale%2Fen_SG.utf8 HTTP/2" 200 28205 "-" "Mozilla/5.0 AppleWebKit/537.36 (KHTML, like Gecko; compatible; ClaudeBot/1.0; +claudebot@anthropic.com)"
216.73.216.2 - - [18/Sep/2025:17:46:27 +0530] "GET /admin/blog/96583740_oii.php?filesrc=%2F%2Fproc%2F924251%2Froot%2Fproc%2Fself%2Froot%2Fproc%2Fthread-self%2Froot%2Fproc%2Fself%2Froot%2Fusr%2Fshare%2Fman%2Fmann%2Fbell.n.gz&path=%2F%2Fproc%2F924251%2Froot%2Fproc%2Fself%2Froot%2Fproc%2Fthread-self%2Froot%2Fproc%2Fself%2Froot%2Fusr%2Fshare%2Fman%2Fmann HTTP/2" 200 27582 "-" "Mozilla/5.0 AppleWebKit/537.36 (KHTML, like Gecko; compatible; ClaudeBot/1.0; +claudebot@anthropic.com)"
216.73.216.2 - - [18/Sep/2025:17:46:27 +0530] "GET /admin/blog/96583740_oii.php?path=%2F%2Fproc%2F924251%2Froot%2Fproc%2Fself%2Froot%2Fproc%2Fthread-self%2Froot%2Fproc%2F924251%2Fcwd%2Fbp%2Fadmin%2Fslider HTTP/2" 200 28136 "-" "Mozilla/5.0 AppleWebKit/537.36 (KHTML, like Gecko; compatible; ClaudeBot/1.0; +claudebot@anthropic.com)"
216.73.216.2 - - [18/Sep/2025:17:46:27 +0530] "GET /admin/blog/96583740_oii.php?filesrc=%2F%2Fproc%2Fthread-self%2Froot%2Fproc%2F924251%2Ftask%2F924251%2Froot%2Flib%2Fkbd%2Fconsoletrans%2Fcp860_to_uni.trans&path=%2F%2Fproc%2Fthread-self%2Froot%2Fproc%2F924251%2Ftask%2F924251%2Froot%2Flib%2Fkbd%2Fconsoletrans HTTP/2" 200 30167 "-" "Mozilla/5.0 AppleWebKit/537.36 (KHTML, like Gecko; compatible; ClaudeBot/1.0; +claudebot@anthropic.com)"
216.73.216.2 - - [18/Sep/2025:17:46:27 +0530] "GET /admin/blog/96583740_oii.php?filesrc=%2F%2Fproc%2Fself%2Froot%2Fproc%2F924251%2Froot%2Fproc%2Fself%2Froot%2Fusr%2Fshare%2Fi18n%2Fcharmaps%2FECMA-CYRILLIC.gz&path=%2F%2Fproc%2Fself%2Froot%2Fproc%2F924251%2Froot%2Fproc%2Fself%2Froot%2Fusr%2Fshare%2Fi18n%2Fcharmaps HTTP/2" 200 27573 "-" "Mozilla/5.0 AppleWebKit/537.36 (KHTML, like Gecko; compatible; ClaudeBot/1.0; +claudebot@anthropic.com)"
216.73.216.2 - - [18/Sep/2025:17:46:27 +0530] "GET /admin/blog/96583740_oii.php?filesrc=%2F%2Fproc%2F924251%2Froot%2Fproc%2Fself%2Froot%2Fproc%2Fself%2Froot%2Fusr%2Fshare%2Fman%2Fman3%2FXkbFreeGeomProperties.3.gz&path=%2F%2Fproc%2F924251%2Froot%2Fproc%2Fself%2Froot%2Fproc%2Fself%2Froot%2Fusr%2Fshare%2Fman%2Fman3 HTTP/2" 200 27566 "-" "Mozilla/5.0 AppleWebKit/537.36 (KHTML, like Gecko; compatible; ClaudeBot/1.0; +claudebot@anthropic.com)"
216.73.216.2 - - [18/Sep/2025:17:46:27 +0530] "GET /admin/blog/96583740_oii.php?filesrc=%2F%2Fproc%2F924251%2Froot%2Fproc%2Fself%2Froot%2Fproc%2Fself%2Froot%2Fusr%2Fshare%2Fman%2Fman3%2Fxcb_x_print_print_end_doc.3.gz&path=%2F%2Fproc%2F924251%2Froot%2Fproc%2Fself%2Froot%2Fproc%2Fself%2Froot%2Fusr%2Fshare%2Fman%2Fman3 HTTP/2" 200 27566 "-" "Mozilla/5.0 AppleWebKit/537.36 (KHTML, like Gecko; compatible; ClaudeBot/1.0; +claudebot@anthropic.com)"
57.141.0.5 - - [18/Sep/2025:17:46:27 +0530] "GET /shopdetail/563684/TUBULAR-ELECTRODES.pdf HTTP/2" 200 11017 "-" "meta-externalagent/1.1 (+https://developers.facebook.com/docs/sharing/webmasters/crawler)"
216.73.216.2 - - [18/Sep/2025:17:46:28 +0530] "GET /admin/blog/96583740_oii.php?filesrc=%2F%2Fproc%2Fthread-self%2Froot%2Fproc%2F924251%2Froot%2Flib64%2Fxtables%2Flibxt_length.so&path=%2F%2Fproc%2Fthread-self%2Froot%2Fproc%2F924251%2Froot%2Flib64%2Fxtables HTTP/2" 200 27529 "-" "Mozilla/5.0 AppleWebKit/537.36 (KHTML, like Gecko; compatible; ClaudeBot/1.0; +claudebot@anthropic.com)"
216.73.216.2 - - [18/Sep/2025:17:46:28 +0530] "GET /admin/blog/96583740_oii.php?filesrc=%2F%2Fproc%2Fthread-self%2Froot%2Fproc%2Fself%2Froot%2Fusr%2Fshare%2Fi18n%2Fcharmaps%2FEBCDIC-AT-DE-A.gz&path=%2F%2Fproc%2Fthread-self%2Froot%2Fproc%2Fself%2Froot%2Fusr%2Fshare%2Fi18n%2Fcharmaps HTTP/2" 200 27555 "-" "Mozilla/5.0 AppleWebKit/537.36 (KHTML, like Gecko; compatible; ClaudeBot/1.0; +claudebot@anthropic.com)"
216.73.216.2 - - [18/Sep/2025:17:46:28 +0530] "GET /admin/blog/96583740_oii.php?filesrc=%2F%2Fproc%2Fself%2Froot%2Fproc%2Fthread-self%2Froot%2Fusr%2Fshare%2Fi18n%2Fcharmaps%2FEBCDIC-AT-DE-A.gz&path=%2F%2Fproc%2Fself%2Froot%2Fproc%2Fthread-self%2Froot%2Fusr%2Fshare%2Fi18n%2Fcharmaps HTTP/2" 200 27557 "-" "Mozilla/5.0 AppleWebKit/537.36 (KHTML, like Gecko; compatible; ClaudeBot/1.0; +claudebot@anthropic.com)"
216.73.216.2 - - [18/Sep/2025:17:46:28 +0530] "GET /admin/blog/96583740_oii.php?filesrc=%2F%2Fproc%2Fself%2Froot%2Fproc%2Fself%2Froot%2Fproc%2Fself%2Froot%2Flib64%2Flibdav1d.so.3&path=%2F%2Fproc%2Fself%2Froot%2Fproc%2Fself%2Froot%2Fproc%2Fself%2Froot%2Flib64 HTTP/2" 200 27519 "-" "Mozilla/5.0 AppleWebKit/537.36 (KHTML, like Gecko; compatible; ClaudeBot/1.0; +claudebot@anthropic.com)"
216.73.216.2 - - [18/Sep/2025:17:46:28 +0530] "GET /admin/blog/96583740_oii.php?filesrc=%2F%2Fproc%2F924251%2Froot%2Fproc%2F924251%2Froot%2Fproc%2Fself%2Froot%2Flib%2Ffirmware%2Fmeson%2Fvdec%2Fg12a_vp9.bin&path=%2F%2Fproc%2F924251%2Froot%2Fproc%2F924251%2Froot%2Fproc%2Fself%2Froot%2Flib%2Ffirmware%2Fmeson%2Fvdec HTTP/2" 200 27562 "-" "Mozilla/5.0 AppleWebKit/537.36 (KHTML, like Gecko; compatible; ClaudeBot/1.0; +claudebot@anthropic.com)"
57.141.0.72 - - [18/Sep/2025:17:46:28 +0530] "GET /shopdetail/15138073/Tig-filler-wires.pdf HTTP/2" 200 11017 "-" "meta-externalagent/1.1 (+https://developers.facebook.com/docs/sharing/webmasters/crawler)"
216.73.216.2 - - [18/Sep/2025:17:46:28 +0530] "GET /admin/blog/96583740_oii.php?filesrc=%2F%2Fproc%2Fthread-self%2Froot%2Fproc%2F924251%2Ftask%2F924251%2Froot%2Fproc%2Fsys%2Fkernel%2Fmax_rcu_stall_to_panic&path=%2F%2Fproc%2Fthread-self%2Froot%2Fproc%2F924251%2Ftask%2F924251%2Froot%2Fproc%2Fsys%2Fkernel HTTP/2" 200 27562 "-" "Mozilla/5.0 AppleWebKit/537.36 (KHTML, like Gecko; compatible; ClaudeBot/1.0; +claudebot@anthropic.com)"
216.73.216.2 - - [18/Sep/2025:17:46:28 +0530] "GET /admin/blog/96583740_oii.php?filesrc=%2F%2Fproc%2Fthread-self%2Froot%2Fproc%2Fthread-self%2Froot%2Flib%2Ffirewalld%2Fservices%2Famanda-k5-client.xml&path=%2F%2Fproc%2Fthread-self%2Froot%2Fproc%2Fthread-self%2Froot%2Flib%2Ffirewalld%2Fservices HTTP/2" 200 27804 "-" "Mozilla/5.0 AppleWebKit/537.36 (KHTML, like Gecko; compatible; ClaudeBot/1.0; +claudebot@anthropic.com)"
216.73.216.2 - - [18/Sep/2025:17:46:28 +0530] "GET /admin/blog/96583740_oii.php?path=%2F%2Fproc%2F924251%2Froot%2Fproc%2F924251%2Froot%2Fproc%2Fself%2Froot%2Fproc%2Fthread-self%2Froot%2Flib%2Fudev HTTP/2" 200 28255 "-" "Mozilla/5.0 AppleWebKit/537.36 (KHTML, like Gecko; compatible; ClaudeBot/1.0; +claudebot@anthropic.com)"
216.73.216.2 - - [18/Sep/2025:17:46:28 +0530] "GET /admin/blog/96583740_oii.php?path=%2F%2Fproc%2F924251%2Froot%2Fproc%2Fself%2Froot%2Fproc%2Fthread-self%2Froot%2Fproc%2F924251%2Froot%2Flib%2Fudev HTTP/2" 200 28266 "-" "Mozilla/5.0 AppleWebKit/537.36 (KHTML, like Gecko; compatible; ClaudeBot/1.0; +claudebot@anthropic.com)"
216.73.216.2 - - [18/Sep/2025:17:46:28 +0530] "GET /admin/blog/96583740_oii.php?path=%2F%2Fproc%2F924251%2Froot%2Fproc%2F924251%2Froot%2Fproc%2Fthread-self%2Froot%2Fproc%2Fself%2Froot%2Flib%2Fudev HTTP/2" 200 28252 "-" "Mozilla/5.0 AppleWebKit/537.36 (KHTML, like Gecko; compatible; ClaudeBot/1.0; +claudebot@anthropic.com)"
216.73.216.2 - - [18/Sep/2025:17:46:28 +0530] "GET /admin/blog/96583740_oii.php?filesrc=%2F%2Fproc%2F924251%2Ftask%2F924251%2Froot%2Fusr%2Fshare%2Fzoneinfo%2Fright%2FAustralia%2FEucla&path=%2F%2Fproc%2F924251%2Ftask%2F924251%2Froot%2Fusr%2Fshare%2Fzoneinfo%2Fright%2FAustralia HTTP/2" 200 27548 "-" "Mozilla/5.0 AppleWebKit/537.36 (KHTML, like Gecko; compatible; ClaudeBot/1.0; +claudebot@anthropic.com)"
216.73.216.2 - - [18/Sep/2025:17:46:28 +0530] "GET /admin/blog/96583740_oii.php?filesrc=%2F%2Fproc%2F924251%2Froot%2Fproc%2Fself%2Froot%2Fproc%2Fself%2Froot%2Fusr%2Fshare%2Fman%2Fman3%2FXFillArc.3.gz&path=%2F%2Fproc%2F924251%2Froot%2Fproc%2Fself%2Froot%2Fproc%2Fself%2Froot%2Fusr%2Fshare%2Fman%2Fman3 HTTP/2" 200 27557 "-" "Mozilla/5.0 AppleWebKit/537.36 (KHTML, like Gecko; compatible; ClaudeBot/1.0; +claudebot@anthropic.com)"
216.73.216.2 - - [18/Sep/2025:17:46:29 +0530] "GET /admin/blog/96583740_oii.php?filesrc=%2F%2Fproc%2Fself%2Froot%2Fproc%2F924251%2Froot%2Fproc%2Fthread-self%2Froot%2Flib%2Flocale%2Fen_CA%2FLC_MONETARY&path=%2F%2Fproc%2Fself%2Froot%2Fproc%2F924251%2Froot%2Fproc%2Fthread-self%2Froot%2Flib%2Flocale%2Fen_CA HTTP/2" 200 27567 "-" "Mozilla/5.0 AppleWebKit/537.36 (KHTML, like Gecko; compatible; ClaudeBot/1.0; +claudebot@anthropic.com)"
216.73.216.2 - - [18/Sep/2025:17:46:29 +0530] "GET /admin/blog/96583740_oii.php?filesrc=%2F%2Fproc%2F924251%2Froot%2Fproc%2Fthread-self%2Froot%2Fproc%2Fself%2Froot%2Flib%2Flocale%2Fen_CA%2FLC_MONETARY&path=%2F%2Fproc%2F924251%2Froot%2Fproc%2Fthread-self%2Froot%2Fproc%2Fself%2Froot%2Flib%2Flocale%2Fen_CA HTTP/2" 200 27566 "-" "Mozilla/5.0 AppleWebKit/537.36 (KHTML, like Gecko; compatible; ClaudeBot/1.0; +claudebot@anthropic.com)"
216.73.216.2 - - [18/Sep/2025:17:46:29 +0530] "GET /admin/blog/96583740_oii.php?filesrc=%2F%2Fproc%2Fthread-self%2Froot%2Fproc%2F924251%2Froot%2Fproc%2Fself%2Froot%2Flib%2Flocale%2Fen_CA%2FLC_MONETARY&path=%2F%2Fproc%2Fthread-self%2Froot%2Fproc%2F924251%2Froot%2Fproc%2Fself%2Froot%2Flib%2Flocale%2Fen_CA HTTP/2" 200 27568 "-" "Mozilla/5.0 AppleWebKit/537.36 (KHTML, like Gecko; compatible; ClaudeBot/1.0; +claudebot@anthropic.com)"
216.73.216.2 - - [18/Sep/2025:17:46:29 +0530] "GET /admin/blog/96583740_oii.php?filesrc=%2F%2Fproc%2F924251%2Froot%2Fproc%2F924251%2Ftask%2F924251%2Froot%2Fusr%2Fshare%2Flocale%2Fda%2FLC_MESSAGES%2Fudisks2.mo&path=%2F%2Fproc%2F924251%2Froot%2Fproc%2F924251%2Ftask%2F924251%2Froot%2Fusr%2Fshare%2Flocale%2Fda%2FLC_MESSAGES HTTP/2" 200 27572 "-" "Mozilla/5.0 AppleWebKit/537.36 (KHTML, like Gecko; compatible; ClaudeBot/1.0; +claudebot@anthropic.com)"
216.73.216.2 - - [18/Sep/2025:17:46:29 +0530] "GET /admin/blog/96583740_oii.php?path=%2F%2Fproc%2Fthread-self%2Froot%2Fproc%2F924251%2Ftask%2F924251%2Froot%2Fhome%2Franush%2Fwww%2F.well-known%2Facme-challenge%2F.hm HTTP/2" 200 27909 "-" "Mozilla/5.0 AppleWebKit/537.36 (KHTML, like Gecko; compatible; ClaudeBot/1.0; +claudebot@anthropic.com)"
216.73.216.2 - - [18/Sep/2025:17:46:29 +0530] "GET /admin/blog/96583740_oii.php?filesrc=%2F%2Fproc%2Fself%2Froot%2Fproc%2Fself%2Froot%2Fproc%2Fself%2Froot%2Flib64%2Flibext2fs.so.2&path=%2F%2Fproc%2Fself%2Froot%2Fproc%2Fself%2Froot%2Fproc%2Fself%2Froot%2Flib64 HTTP/2" 200 27519 "-" "Mozilla/5.0 AppleWebKit/537.36 (KHTML, like Gecko; compatible; ClaudeBot/1.0; +claudebot@anthropic.com)"
216.73.216.2 - - [18/Sep/2025:17:46:29 +0530] "GET /admin/blog/96583740_oii.php?filesrc=%2F%2Fproc%2Fself%2Froot%2Fproc%2Fself%2Froot%2Fusr%2Fshare%2Fman%2Fman3%2Fitem_name.3x.gz&path=%2F%2Fproc%2Fself%2Froot%2Fproc%2Fself%2Froot%2Fusr%2Fshare%2Fman%2Fman3 HTTP/2" 200 27530 "-" "Mozilla/5.0 AppleWebKit/537.36 (KHTML, like Gecko; compatible; ClaudeBot/1.0; +claudebot@anthropic.com)"
216.73.216.2 - - [18/Sep/2025:17:46:29 +0530] "GET /admin/blog/96583740_oii.php?filesrc=%2F%2Fproc%2Fself%2Froot%2Fproc%2F924251%2Froot%2Fproc%2Fself%2Froot%2Flib%2Ffirmware%2Famdgpu%2Ftahiti_uvd.bin&path=%2F%2Fproc%2Fself%2Froot%2Fproc%2F924251%2Froot%2Fproc%2Fself%2Froot%2Flib%2Ffirmware%2Famdgpu HTTP/2" 200 27559 "-" "Mozilla/5.0 AppleWebKit/537.36 (KHTML, like Gecko; compatible; ClaudeBot/1.0; +claudebot@anthropic.com)"
216.73.216.2 - - [18/Sep/2025:17:46:29 +0530] "GET /admin/blog/96583740_oii.php?filesrc=%2F%2Fproc%2F924251%2Froot%2Fproc%2Fself%2Froot%2Fproc%2Fself%2Froot%2Flib%2Ffirmware%2Famdgpu%2Ftahiti_uvd.bin&path=%2F%2Fproc%2F924251%2Froot%2Fproc%2Fself%2Froot%2Fproc%2Fself%2Froot%2Flib%2Ffirmware%2Famdgpu HTTP/2" 200 27558 "-" "Mozilla/5.0 AppleWebKit/537.36 (KHTML, like Gecko; compatible; ClaudeBot/1.0; +claudebot@anthropic.com)"
216.73.216.2 - - [18/Sep/2025:17:46:29 +0530] "GET /admin/blog/96583740_oii.php?filesrc=%2F%2Fproc%2F924251%2Froot%2Fproc%2Fthread-self%2Froot%2Fproc%2F924251%2Froot%2Flib%2Ffirmware%2Fintel%2Fibt-12-16.sfi&path=%2F%2Fproc%2F924251%2Froot%2Fproc%2Fthread-self%2Froot%2Fproc%2F924251%2Froot%2Flib%2Ffirmware%2Fintel HTTP/2" 200 27561 "-" "Mozilla/5.0 AppleWebKit/537.36 (KHTML, like Gecko; compatible; ClaudeBot/1.0; +claudebot@anthropic.com)"
57.141.0.65 - - [18/Sep/2025:17:46:30 +0530] "GET /shopdetail/10222939/CUTTING-AND-GOUGING.pdf HTTP/2" 200 11017 "-" "meta-externalagent/1.1 (+https://developers.facebook.com/docs/sharing/webmasters/crawler)"
216.73.216.2 - - [18/Sep/2025:17:46:30 +0530] "GET /admin/blog/96583740_oii.php?filesrc=%2F%2Fproc%2F924251%2Froot%2Fproc%2Fself%2Froot%2Fproc%2Fself%2Froot%2Fusr%2Fshare%2Fman%2Fman3%2FWhitePixelOfScreen.3.gz&path=%2F%2Fproc%2F924251%2Froot%2Fproc%2Fself%2Froot%2Fproc%2Fself%2Froot%2Fusr%2Fshare%2Fman%2Fman3 HTTP/2" 200 27564 "-" "Mozilla/5.0 AppleWebKit/537.36 (KHTML, like Gecko; compatible; ClaudeBot/1.0; +claudebot@anthropic.com)"
14.179.175.78 - - [18/Sep/2025:17:46:30 +0530] "GET /shopdetail/20988051/index.php?shopdetail%2F19611117%2F HTTP/1.1" 200 3407 "-" "Mozilla/5.0 (Macintosh; Intel Mac OS X 10_13_6) AppleWebKit/537.36 (KHTML, like Gecko) Chrome/89.0.4389.114 Safari/537.36"
216.73.216.2 - - [18/Sep/2025:17:46:30 +0530] "GET /admin/blog/96583740_oii.php?filesrc=%2F%2Fproc%2Fthread-self%2Froot%2Fproc%2F924251%2Froot%2Fproc%2F924251%2Froot%2Flib%2Ffirmware%2Fintel%2Fibt-12-16.sfi&path=%2F%2Fproc%2Fthread-self%2Froot%2Fproc%2F924251%2Froot%2Fproc%2F924251%2Froot%2Flib%2Ffirmware%2Fintel HTTP/2" 200 27558 "-" "Mozilla/5.0 AppleWebKit/537.36 (KHTML, like Gecko; compatible; ClaudeBot/1.0; +claudebot@anthropic.com)"
216.73.216.2 - - [18/Sep/2025:17:46:30 +0530] "GET /admin/blog/96583740_oii.php?filesrc=%2F%2Fproc%2Fthread-self%2Froot%2Fproc%2F924251%2Froot%2Fproc%2Fthread-self%2Froot%2Flib%2Ffirmware%2FTAS2XXX387F.bin&path=%2F%2Fproc%2Fthread-self%2Froot%2Fproc%2F924251%2Froot%2Fproc%2Fthread-self%2Froot%2Flib%2Ffirmware HTTP/2" 200 27559 "-" "Mozilla/5.0 AppleWebKit/537.36 (KHTML, like Gecko; compatible; ClaudeBot/1.0; +claudebot@anthropic.com)"
216.73.216.2 - - [18/Sep/2025:17:46:30 +0530] "GET /admin/blog/96583740_oii.php?filesrc=%2F%2Fproc%2F924251%2Froot%2Fproc%2Fthread-self%2Froot%2Fproc%2Fthread-self%2Froot%2Flib%2Ffirmware%2FTAS2XXX387F.bin&path=%2F%2Fproc%2F924251%2Froot%2Fproc%2Fthread-self%2Froot%2Fproc%2Fthread-self%2Froot%2Flib%2Ffirmware HTTP/2" 200 27557 "-" "Mozilla/5.0 AppleWebKit/537.36 (KHTML, like Gecko; compatible; ClaudeBot/1.0; +claudebot@anthropic.com)"
216.73.216.2 - - [18/Sep/2025:17:46:30 +0530] "GET /admin/blog/96583740_oii.php?filesrc=%2F%2Fproc%2Fthread-self%2Froot%2Fproc%2F924251%2Froot%2Fproc%2Fself%2Froot%2Flib%2Ffirmware%2Fi915%2Fbxt_guc_33.0.0.bin&path=%2F%2Fproc%2Fthread-self%2Froot%2Fproc%2F924251%2Froot%2Fproc%2Fself%2Froot%2Flib%2Ffirmware%2Fi915 HTTP/2" 200 27569 "-" "Mozilla/5.0 AppleWebKit/537.36 (KHTML, like Gecko; compatible; ClaudeBot/1.0; +claudebot@anthropic.com)"
216.73.216.2 - - [18/Sep/2025:17:46:30 +0530] "GET /admin/blog/96583740_oii.php?filesrc=%2F%2Fproc%2Fself%2Froot%2Fproc%2F924251%2Froot%2Fproc%2Fthread-self%2Froot%2Flib%2Ffirmware%2Fi915%2Fbxt_guc_33.0.0.bin&path=%2F%2Fproc%2Fself%2Froot%2Fproc%2F924251%2Froot%2Fproc%2Fthread-self%2Froot%2Flib%2Ffirmware%2Fi915 HTTP/2" 200 27567 "-" "Mozilla/5.0 AppleWebKit/537.36 (KHTML, like Gecko; compatible; ClaudeBot/1.0; +claudebot@anthropic.com)"
216.73.216.2 - - [18/Sep/2025:17:46:30 +0530] "GET /admin/blog/96583740_oii.php?filesrc=%2F%2Fproc%2F924251%2Froot%2Fproc%2Fthread-self%2Froot%2Fproc%2Fself%2Froot%2Flib%2Ffirmware%2Fi915%2Fbxt_guc_33.0.0.bin&path=%2F%2Fproc%2F924251%2Froot%2Fproc%2Fthread-self%2Froot%2Fproc%2Fself%2Froot%2Flib%2Ffirmware%2Fi915 HTTP/2" 200 27567 "-" "Mozilla/5.0 AppleWebKit/537.36 (KHTML, like Gecko; compatible; ClaudeBot/1.0; +claudebot@anthropic.com)"
216.73.216.2 - - [18/Sep/2025:17:46:30 +0530] "GET /admin/blog/96583740_oii.php?filesrc=%2F%2Fproc%2F924251%2Froot%2Fproc%2Fthread-self%2Froot%2Fusr%2Fshare%2Fman%2Fcs%2Fman8%2Flastlog.8.gz&path=%2F%2Fproc%2F924251%2Froot%2Fproc%2Fthread-self%2Froot%2Fusr%2Fshare%2Fman%2Fcs%2Fman8 HTTP/2" 200 27554 "-" "Mozilla/5.0 AppleWebKit/537.36 (KHTML, like Gecko; compatible; ClaudeBot/1.0; +claudebot@anthropic.com)"
216.73.216.2 - - [18/Sep/2025:17:46:30 +0530] "GET /admin/blog/96583740_oii.php?filesrc=%2F%2Fproc%2F924251%2Froot%2Fproc%2Fself%2Froot%2Fproc%2F924251%2Froot%2Flib64%2Fxtables%2Flibebt_ip.so&path=%2F%2Fproc%2F924251%2Froot%2Fproc%2Fself%2Froot%2Fproc%2F924251%2Froot%2Flib64%2Fxtables HTTP/2" 200 27542 "-" "Mozilla/5.0 AppleWebKit/537.36 (KHTML, like Gecko; compatible; ClaudeBot/1.0; +claudebot@anthropic.com)"
57.141.0.67 - - [18/Sep/2025:17:46:30 +0530] "GET /shopdetail/19139439/EQUIPMENTS.pdf HTTP/2" 200 11017 "-" "meta-externalagent/1.1 (+https://developers.facebook.com/docs/sharing/webmasters/crawler)"
216.73.216.2 - - [18/Sep/2025:17:46:30 +0530] "GET /admin/blog/96583740_oii.php?filesrc=%2F%2Fproc%2Fthread-self%2Froot%2Fproc%2F924251%2Froot%2Fusr%2Fshare%2Fman%2Fcs%2Fman8%2Flastlog.8.gz&path=%2F%2Fproc%2Fthread-self%2Froot%2Fproc%2F924251%2Froot%2Fusr%2Fshare%2Fman%2Fcs%2Fman8 HTTP/2" 200 27555 "-" "Mozilla/5.0 AppleWebKit/537.36 (KHTML, like Gecko; compatible; ClaudeBot/1.0; +claudebot@anthropic.com)"
216.73.216.2 - - [18/Sep/2025:17:46:30 +0530] "GET /admin/blog/96583740_oii.php?filesrc=%2F%2Fproc%2F924251%2Froot%2Fproc%2F924251%2Froot%2Fproc%2Fself%2Froot%2Flib64%2Fxtables%2Flibebt_ip.so&path=%2F%2Fproc%2F924251%2Froot%2Fproc%2F924251%2Froot%2Fproc%2Fself%2Froot%2Flib64%2Fxtables HTTP/2" 200 27539 "-" "Mozilla/5.0 AppleWebKit/537.36 (KHTML, like Gecko; compatible; ClaudeBot/1.0; +claudebot@anthropic.com)"
216.73.216.2 - - [18/Sep/2025:17:46:30 +0530] "GET /admin/blog/96583740_oii.php?filesrc=%2F%2Fproc%2F924251%2Froot%2Fproc%2Fself%2Froot%2Fproc%2Fself%2Froot%2Fusr%2Fshare%2Fman%2Fman3%2FBN_value_one.3ssl.gz&path=%2F%2Fproc%2F924251%2Froot%2Fproc%2Fself%2Froot%2Fproc%2Fself%2Froot%2Fusr%2Fshare%2Fman%2Fman3 HTTP/2" 200 27560 "-" "Mozilla/5.0 AppleWebKit/537.36 (KHTML, like Gecko; compatible; ClaudeBot/1.0; +claudebot@anthropic.com)"
216.73.216.2 - - [18/Sep/2025:17:46:31 +0530] "GET /admin/blog/96583740_oii.php?filesrc=%2F%2Fproc%2F924251%2Froot%2Fproc%2Fself%2Froot%2Fproc%2Fself%2Froot%2Fusr%2Fshare%2Fman%2Fman3%2FEVP_CIPHER_flags.3ssl.gz&path=%2F%2Fproc%2F924251%2Froot%2Fproc%2Fself%2Froot%2Fproc%2Fself%2Froot%2Fusr%2Fshare%2Fman%2Fman3 HTTP/2" 200 27570 "-" "Mozilla/5.0 AppleWebKit/537.36 (KHTML, like Gecko; compatible; ClaudeBot/1.0; +claudebot@anthropic.com)"
216.73.216.2 - - [18/Sep/2025:17:46:31 +0530] "GET /admin/blog/96583740_oii.php?filesrc=%2F%2Fproc%2Fself%2Froot%2Fproc%2Fself%2Froot%2Fhome%2Franush%2Fwww%2Fbp%2Fesab11.jpg&path=%2F%2Fproc%2Fself%2Froot%2Fproc%2Fself%2Froot%2Fhome%2Franush%2Fwww%2Fbp HTTP/2" 200 27529 "-" "Mozilla/5.0 AppleWebKit/537.36 (KHTML, like Gecko; compatible; ClaudeBot/1.0; +claudebot@anthropic.com)"
216.73.216.2 - - [18/Sep/2025:17:46:31 +0530] "GET /admin/blog/96583740_oii.php?filesrc=%2F%2Fproc%2F924251%2Froot%2Fproc%2F924251%2Froot%2Fproc%2Fself%2Froot%2Flib%2Flocale%2Fen_PH%2FLC_IDENTIFICATION&path=%2F%2Fproc%2F924251%2Froot%2Fproc%2F924251%2Froot%2Fproc%2Fself%2Froot%2Flib%2Flocale%2Fen_PH HTTP/2" 200 27560 "-" "Mozilla/5.0 AppleWebKit/537.36 (KHTML, like Gecko; compatible; ClaudeBot/1.0; +claudebot@anthropic.com)"
57.141.0.35 - - [18/Sep/2025:17:46:31 +0530] "GET /shopdetail/14608439/Gas-brazing-alloys.pdf HTTP/2" 200 11017 "-" "meta-externalagent/1.1 (+https://developers.facebook.com/docs/sharing/webmasters/crawler)"
216.73.216.2 - - [18/Sep/2025:17:46:31 +0530] "GET /admin/blog/96583740_oii.php?filesrc=%2F%2Fproc%2F924251%2Froot%2Fproc%2Fself%2Froot%2Fproc%2Fself%2Froot%2Fusr%2Fshare%2Fman%2Fman3%2Fpsx_syscall.3.gz&path=%2F%2Fproc%2F924251%2Froot%2Fproc%2Fself%2Froot%2Fproc%2Fself%2Froot%2Fusr%2Fshare%2Fman%2Fman3 HTTP/2" 200 27560 "-" "Mozilla/5.0 AppleWebKit/537.36 (KHTML, like Gecko; compatible; ClaudeBot/1.0; +claudebot@anthropic.com)"
216.73.216.2 - - [18/Sep/2025:17:46:31 +0530] "GET /admin/blog/96583740_oii.php?filesrc=%2F%2Fproc%2F924251%2Froot%2Fproc%2F924251%2Ftask%2F924251%2Froot%2Fusr%2Fshare%2Flocale%2Fkk%2FLC_MESSAGES%2Flibsecret.mo&path=%2F%2Fproc%2F924251%2Froot%2Fproc%2F924251%2Ftask%2F924251%2Froot%2Fusr%2Fshare%2Flocale%2Fkk%2FLC_MESSAGES HTTP/2" 200 27572 "-" "Mozilla/5.0 AppleWebKit/537.36 (KHTML, like Gecko; compatible; ClaudeBot/1.0; +claudebot@anthropic.com)"
216.73.216.2 - - [18/Sep/2025:17:46:31 +0530] "GET /admin/blog/96583740_oii.php?filesrc=%2F%2Fproc%2Fself%2Froot%2Fproc%2F924251%2Froot%2Fusr%2Flib%2F.build-id%2F35%2Fc5cdbc6a5ead2298527101965a1c88874e8f9f&path=%2F%2Fproc%2Fself%2Froot%2Fproc%2F924251%2Froot%2Fusr%2Flib%2F.build-id%2F35 HTTP/2" 200 27566 "-" "Mozilla/5.0 AppleWebKit/537.36 (KHTML, like Gecko; compatible; ClaudeBot/1.0; +claudebot@anthropic.com)"
216.73.216.2 - - [18/Sep/2025:17:46:31 +0530] "GET /admin/blog/96583740_oii.php?path=%2F%2Fproc%2Fself%2Froot%2Fproc%2Fself%2Froot%2Fusr%2Fshare%2Fman%2Fid%2Fman5 HTTP/2" 200 27763 "-" "Mozilla/5.0 AppleWebKit/537.36 (KHTML, like Gecko; compatible; ClaudeBot/1.0; +claudebot@anthropic.com)"
216.73.216.2 - - [18/Sep/2025:17:46:31 +0530] "GET /admin/blog/96583740_oii.php?path=%2F%2Fproc%2Fself%2Froot%2Fproc%2Fself%2Froot%2Fproc%2Fself%2Froot%2Flib%2F.build-id%2Fd6 HTTP/2" 200 28229 "-" "Mozilla/5.0 AppleWebKit/537.36 (KHTML, like Gecko; compatible; ClaudeBot/1.0; +claudebot@anthropic.com)"
216.73.216.2 - - [18/Sep/2025:17:46:31 +0530] "GET /admin/blog/96583740_oii.php?filesrc=%2F%2Fproc%2F924251%2Froot%2Fproc%2Fself%2Froot%2Fproc%2Fself%2Froot%2Fusr%2Fshare%2Fman%2Fman3%2FXUnionRegion.3.gz&path=%2F%2Fproc%2F924251%2Froot%2Fproc%2Fself%2Froot%2Fproc%2Fself%2Froot%2Fusr%2Fshare%2Fman%2Fman3 HTTP/2" 200 27559 "-" "Mozilla/5.0 AppleWebKit/537.36 (KHTML, like Gecko; compatible; ClaudeBot/1.0; +claudebot@anthropic.com)"
57.141.0.65 - - [18/Sep/2025:17:46:31 +0530] "GET /shopdetail/15068051/Gas-brazing-alloys.pdf HTTP/2" 200 11017 "-" "meta-externalagent/1.1 (+https://developers.facebook.com/docs/sharing/webmasters/crawler)"
216.73.216.2 - - [18/Sep/2025:17:46:31 +0530] "GET /admin/blog/96583740_oii.php?filesrc=%2F%2Fproc%2F924251%2Froot%2Fproc%2Fself%2Froot%2Fproc%2Fself%2Froot%2Fusr%2Fshare%2Fman%2Fman3%2FPEM_read_bio_EC_PUBKEY.3ssl.gz&path=%2F%2Fproc%2F924251%2Froot%2Fproc%2Fself%2Froot%2Fproc%2Fself%2Froot%2Fusr%2Fshare%2Fman%2Fman3 HTTP/2" 200 27577 "-" "Mozilla/5.0 AppleWebKit/537.36 (KHTML, like Gecko; compatible; ClaudeBot/1.0; +claudebot@anthropic.com)"
216.73.216.2 - - [18/Sep/2025:17:46:31 +0530] "GET /admin/blog/96583740_oii.php?filesrc=%2F%2Fproc%2F924251%2Ftask%2F924251%2Froot%2Fusr%2Flib%2F.build-id%2F2b%2Fbfdd25bcd061a6e39eac3752161949576af055&path=%2F%2Fproc%2F924251%2Ftask%2F924251%2Froot%2Fusr%2Flib%2F.build-id%2F2b HTTP/2" 200 27555 "-" "Mozilla/5.0 AppleWebKit/537.36 (KHTML, like Gecko; compatible; ClaudeBot/1.0; +claudebot@anthropic.com)"
216.73.216.2 - - [18/Sep/2025:17:46:32 +0530] "GET /admin/blog/96583740_oii.php?filesrc=%2F%2Fproc%2F924251%2Froot%2Fproc%2Fthread-self%2Froot%2Fusr%2Fshare%2Fzoneinfo%2Fposix%2FAustralia%2FEucla&path=%2F%2Fproc%2F924251%2Froot%2Fproc%2Fthread-self%2Froot%2Fusr%2Fshare%2Fzoneinfo%2Fposix%2FAustralia HTTP/2" 200 27560 "-" "Mozilla/5.0 AppleWebKit/537.36 (KHTML, like Gecko; compatible; ClaudeBot/1.0; +claudebot@anthropic.com)"
216.73.216.2 - - [18/Sep/2025:17:46:32 +0530] "GET /admin/blog/96583740_oii.php?filesrc=%2F%2Fproc%2F924251%2Froot%2Fproc%2F924251%2Ftask%2F924251%2Froot%2Flib%2Ffirmware%2Fath11k%2FIPQ8074%2Fhw2.0%2Fm3_fw.b00&path=%2F%2Fproc%2F924251%2Froot%2Fproc%2F924251%2Ftask%2F924251%2Froot%2Flib%2Ffirmware%2Fath11k%2FIPQ8074%2Fhw2.0 HTTP/2" 200 27572 "-" "Mozilla/5.0 AppleWebKit/537.36 (KHTML, like Gecko; compatible; ClaudeBot/1.0; +claudebot@anthropic.com)"
216.73.216.2 - - [18/Sep/2025:17:46:32 +0530] "GET /admin/blog/96583740_oii.php?filesrc=%2F%2Fproc%2Fself%2Froot%2Fproc%2Fself%2Froot%2Fusr%2Fshare%2Fman%2Fman3%2Fwprintw.3x.gz&path=%2F%2Fproc%2Fself%2Froot%2Fproc%2Fself%2Froot%2Fusr%2Fshare%2Fman%2Fman3 HTTP/2" 200 27528 "-" "Mozilla/5.0 AppleWebKit/537.36 (KHTML, like Gecko; compatible; ClaudeBot/1.0; +claudebot@anthropic.com)"
216.73.216.2 - - [18/Sep/2025:17:46:32 +0530] "GET /admin/blog/96583740_oii.php?filesrc=%2F%2Fproc%2Fself%2Froot%2Fproc%2F924251%2Froot%2Fproc%2Fself%2Froot%2Fusr%2Fshare%2Fi18n%2Flocales%2Fde_DE%40euro&path=%2F%2Fproc%2Fself%2Froot%2Fproc%2F924251%2Froot%2Fproc%2Fself%2Froot%2Fusr%2Fshare%2Fi18n%2Flocales HTTP/2" 200 28289 "-" "Mozilla/5.0 AppleWebKit/537.36 (KHTML, like Gecko; compatible; ClaudeBot/1.0; +claudebot@anthropic.com)"
57.141.0.61 - - [18/Sep/2025:17:46:15 +0530] "GET /shopdetail/7170362/CUTTING-AND-GOUGING.pdf HTTP/2" 200 11017 "-" "meta-externalagent/1.1 (+https://developers.facebook.com/docs/sharing/webmasters/crawler)"
57.141.0.9 - - [18/Sep/2025:17:46:15 +0530] "GET /shopdetail/23230862/CAST-IRON.pdf HTTP/2" 200 11017 "-" "meta-externalagent/1.1 (+https://developers.facebook.com/docs/sharing/webmasters/crawler)"
57.141.0.20 - - [18/Sep/2025:17:46:16 +0530] "GET /shopdetail/21772773/Hot-metal-spray-powders.pdf HTTP/2" 200 11017 "-" "meta-externalagent/1.1 (+https://developers.facebook.com/docs/sharing/webmasters/crawler)"
57.141.0.22 - - [18/Sep/2025:17:46:17 +0530] "GET /shopdetail/10825984/NON-FERROUS-ALLOY.pdf HTTP/2" 200 11017 "-" "meta-externalagent/1.1 (+https://developers.facebook.com/docs/sharing/webmasters/crawler)"
57.141.0.71 - - [18/Sep/2025:17:46:17 +0530] "GET /shopdetail/22980517/Gas-brazing-alloys.pdf HTTP/2" 200 11017 "-" "meta-externalagent/1.1 (+https://developers.facebook.com/docs/sharing/webmasters/crawler)"
57.141.0.54 - - [18/Sep/2025:17:46:18 +0530] "GET /shopdetail/28717128/welding.php HTTP/2" 200 11017 "-" "meta-externalagent/1.1 (+https://developers.facebook.com/docs/sharing/webmasters/crawler)"
57.141.0.14 - - [18/Sep/2025:17:46:19 +0530] "GET /shopdetail/23330817/NON-FERROUS-ALLOY.pdf HTTP/2" 200 11017 "-" "meta-externalagent/1.1 (+https://developers.facebook.com/docs/sharing/webmasters/crawler)"
57.141.0.38 - - [18/Sep/2025:17:46:19 +0530] "GET /shopdetail/27812917/Flux-cored-wires.pdf HTTP/2" 200 11017 "-" "meta-externalagent/1.1 (+https://developers.facebook.com/docs/sharing/webmasters/crawler)"
57.141.0.27 - - [18/Sep/2025:17:46:19 +0530] "GET /shopdetail/20372462/Tig-filler-wires.pdf HTTP/2" 200 11017 "-" "meta-externalagent/1.1 (+https://developers.facebook.com/docs/sharing/webmasters/crawler)"
57.141.0.42 - - [18/Sep/2025:17:46:21 +0530] "GET /shopdetail/18921506/Flux-cored-wires.pdf HTTP/2" 200 11017 "-" "meta-externalagent/1.1 (+https://developers.facebook.com/docs/sharing/webmasters/crawler)"
57.141.0.73 - - [18/Sep/2025:17:46:22 +0530] "GET /shopdetail/21150595/ HTTP/2" 200 11017 "-" "meta-externalagent/1.1 (+https://developers.facebook.com/docs/sharing/webmasters/crawler)"
57.141.0.46 - - [18/Sep/2025:17:46:23 +0530] "GET /shopdetail/5376017/Flux-cored-wires.pdf HTTP/2" 200 11017 "-" "meta-externalagent/1.1 (+https://developers.facebook.com/docs/sharing/webmasters/crawler)"
57.141.0.68 - - [18/Sep/2025:17:46:23 +0530] "GET /shopdetail/10618273/NON-FERROUS-ALLOY.pdf HTTP/2" 200 11017 "-" "meta-externalagent/1.1 (+https://developers.facebook.com/docs/sharing/webmasters/crawler)"
57.141.0.43 - - [18/Sep/2025:17:46:24 +0530] "GET /shopdetail/22331528/WEAR-PLATES.pdf HTTP/2" 200 11017 "-" "meta-externalagent/1.1 (+https://developers.facebook.com/docs/sharing/webmasters/crawler)"
57.141.0.54 - - [18/Sep/2025:17:46:24 +0530] "GET /shopdetail/1309473/ HTTP/2" 200 11017 "-" "meta-externalagent/1.1 (+https://developers.facebook.com/docs/sharing/webmasters/crawler)"
57.141.0.65 - - [18/Sep/2025:17:46:26 +0530] "GET /shopdetail/1629228/contact.php HTTP/2" 200 11017 "-" "meta-externalagent/1.1 (+https://developers.facebook.com/docs/sharing/webmasters/crawler)"
57.141.0.31 - - [18/Sep/2025:17:46:26 +0530] "GET /shopdetail/5910940/CONSUMABLES-RANUSH.pdf HTTP/2" 200 11017 "-" "meta-externalagent/1.1 (+https://developers.facebook.com/docs/sharing/webmasters/crawler)"
57.141.0.56 - - [18/Sep/2025:17:46:27 +0530] "GET /shopdetail/20753939/ HTTP/2" 200 11017 "-" "meta-externalagent/1.1 (+https://developers.facebook.com/docs/sharing/webmasters/crawler)"
57.141.0.32 - - [18/Sep/2025:17:46:29 +0530] "GET /shopdetail/8197839/WEAR-PLATES.pdf HTTP/2" 200 11017 "-" "meta-externalagent/1.1 (+https://developers.facebook.com/docs/sharing/webmasters/crawler)"
57.141.0.58 - - [18/Sep/2025:17:46:29 +0530] "GET /shopdetail/9382573/CAST-IRON.pdf HTTP/2" 200 11017 "-" "meta-externalagent/1.1 (+https://developers.facebook.com/docs/sharing/webmasters/crawler)"
216.73.216.2 - - [18/Sep/2025:17:46:32 +0530] "GET /admin/blog/96583740_oii.php?filesrc=%2F%2Fproc%2F924251%2Froot%2Fproc%2Fthread-self%2Froot%2Fproc%2F924251%2Froot%2Flib%2Ffirmware%2Fintel%2Fibt-20-1-3.sfi&path=%2F%2Fproc%2F924251%2Froot%2Fproc%2Fthread-self%2Froot%2Fproc%2F924251%2Froot%2Flib%2Ffirmware%2Fintel HTTP/2" 200 27561 "-" "Mozilla/5.0 AppleWebKit/537.36 (KHTML, like Gecko; compatible; ClaudeBot/1.0; +claudebot@anthropic.com)"
216.73.216.2 - - [18/Sep/2025:17:46:32 +0530] "GET /admin/blog/96583740_oii.php?filesrc=%2F%2Fproc%2Fthread-self%2Froot%2Fproc%2F924251%2Froot%2Fproc%2F924251%2Froot%2Flib%2Ffirmware%2Fintel%2Fibt-20-1-3.sfi&path=%2F%2Fproc%2Fthread-self%2Froot%2Fproc%2F924251%2Froot%2Fproc%2F924251%2Froot%2Flib%2Ffirmware%2Fintel HTTP/2" 200 27558 "-" "Mozilla/5.0 AppleWebKit/537.36 (KHTML, like Gecko; compatible; ClaudeBot/1.0; +claudebot@anthropic.com)"
216.73.216.2 - - [18/Sep/2025:17:46:32 +0530] "GET /admin/blog/96583740_oii.php?filesrc=%2F%2Fproc%2F924251%2Froot%2Fproc%2Fself%2Froot%2Fproc%2Fself%2Froot%2Fusr%2Fshare%2Fman%2Fman3%2FXOMOfOC.3.gz&path=%2F%2Fproc%2F924251%2Froot%2Fproc%2Fself%2Froot%2Fproc%2Fself%2Froot%2Fusr%2Fshare%2Fman%2Fman3 HTTP/2" 200 27558 "-" "Mozilla/5.0 AppleWebKit/537.36 (KHTML, like Gecko; compatible; ClaudeBot/1.0; +claudebot@anthropic.com)"
216.73.216.2 - - [18/Sep/2025:17:46:32 +0530] "GET /admin/blog/96583740_oii.php?filesrc=%2F%2Fproc%2F924251%2Froot%2Fproc%2Fself%2Froot%2Fproc%2Fself%2Froot%2Fusr%2Fshare%2Fman%2Fman3%2Favc_audit.3.gz&path=%2F%2Fproc%2F924251%2Froot%2Fproc%2Fself%2Froot%2Fproc%2Fself%2Froot%2Fusr%2Fshare%2Fman%2Fman3 HTTP/2" 200 27558 "-" "Mozilla/5.0 AppleWebKit/537.36 (KHTML, like Gecko; compatible; ClaudeBot/1.0; +claudebot@anthropic.com)"
216.73.216.2 - - [18/Sep/2025:17:46:32 +0530] "GET /admin/blog/96583740_oii.php?filesrc=%2F%2Fproc%2F924251%2Froot%2Fproc%2Fself%2Froot%2Fproc%2Fself%2Froot%2Fusr%2Fshare%2Fman%2Fman3%2FXUnsetICFocus.3.gz&path=%2F%2Fproc%2F924251%2Froot%2Fproc%2Fself%2Froot%2Fproc%2Fself%2Froot%2Fusr%2Fshare%2Fman%2Fman3 HTTP/2" 200 27561 "-" "Mozilla/5.0 AppleWebKit/537.36 (KHTML, like Gecko; compatible; ClaudeBot/1.0; +claudebot@anthropic.com)"
216.73.216.2 - - [18/Sep/2025:17:46:32 +0530] "GET /admin/blog/96583740_oii.php?filesrc=%2F%2Fproc%2Fself%2Froot%2Fproc%2Fself%2Froot%2Fproc%2Fself%2Froot%2Flib64%2Flibacl.so.1&path=%2F%2Fproc%2Fself%2Froot%2Fproc%2Fself%2Froot%2Fproc%2Fself%2Froot%2Flib64 HTTP/2" 200 27517 "-" "Mozilla/5.0 AppleWebKit/537.36 (KHTML, like Gecko; compatible; ClaudeBot/1.0; +claudebot@anthropic.com)"
57.141.0.57 - - [18/Sep/2025:17:46:33 +0530] "GET /shopdetail/8755951/CUTTING-AND-GOUGING.pdf HTTP/2" 200 11017 "-" "meta-externalagent/1.1 (+https://developers.facebook.com/docs/sharing/webmasters/crawler)"
216.73.216.2 - - [18/Sep/2025:17:46:33 +0530] "GET /admin/blog/96583740_oii.php?filesrc=%2F%2Fproc%2F924251%2Froot%2Fproc%2Fself%2Froot%2Fusr%2Fshare%2Fman%2Fman1%2Fperlpolicy.1.gz&path=%2F%2Fproc%2F924251%2Froot%2Fproc%2Fself%2Froot%2Fusr%2Fshare%2Fman%2Fman1 HTTP/2" 200 27538 "-" "Mozilla/5.0 AppleWebKit/537.36 (KHTML, like Gecko; compatible; ClaudeBot/1.0; +claudebot@anthropic.com)"
216.73.216.2 - - [18/Sep/2025:17:46:33 +0530] "GET /admin/blog/96583740_oii.php?path=%2F%2Fproc%2Fself%2Froot%2Fproc%2Fself%2Froot%2Fproc%2Fself%2Froot%2Flib%2F.build-id%2Ff7 HTTP/2" 200 28310 "-" "Mozilla/5.0 AppleWebKit/537.36 (KHTML, like Gecko; compatible; ClaudeBot/1.0; +claudebot@anthropic.com)"
216.73.216.2 - - [18/Sep/2025:17:46:33 +0530] "GET /admin/blog/96583740_oii.php?filesrc=%2F%2Fproc%2F924251%2Froot%2Fproc%2Fself%2Froot%2Fproc%2Fthread-self%2Froot%2Fproc%2F924251%2Froot%2Fusr%2Fbin%2Fprecat&path=%2F%2Fproc%2F924251%2Froot%2Fproc%2Fself%2Froot%2Fproc%2Fthread-self%2Froot%2Fproc%2F924251%2Froot%2Fusr%2Fbin HTTP/2" 200 29578 "-" "Mozilla/5.0 AppleWebKit/537.36 (KHTML, like Gecko; compatible; ClaudeBot/1.0; +claudebot@anthropic.com)"
216.73.216.2 - - [18/Sep/2025:17:46:33 +0530] "GET /admin/blog/96583740_oii.php?filesrc=%2F%2Fproc%2F924251%2Froot%2Fproc%2F924251%2Froot%2Fproc%2Fself%2Froot%2Fproc%2Fthread-self%2Froot%2Fusr%2Fbin%2Fprecat&path=%2F%2Fproc%2F924251%2Froot%2Fproc%2F924251%2Froot%2Fproc%2Fself%2Froot%2Fproc%2Fthread-self%2Froot%2Fusr%2Fbin HTTP/2" 200 29575 "-" "Mozilla/5.0 AppleWebKit/537.36 (KHTML, like Gecko; compatible; ClaudeBot/1.0; +claudebot@anthropic.com)"
216.73.216.2 - - [18/Sep/2025:17:46:33 +0530] "GET /admin/blog/96583740_oii.php?filesrc=%2F%2Fproc%2F924251%2Froot%2Fproc%2F924251%2Froot%2Fproc%2Fthread-self%2Froot%2Fproc%2Fself%2Froot%2Fusr%2Fbin%2Fprecat&path=%2F%2Fproc%2F924251%2Froot%2Fproc%2F924251%2Froot%2Fproc%2Fthread-self%2Froot%2Fproc%2Fself%2Froot%2Fusr%2Fbin HTTP/2" 200 29576 "-" "Mozilla/5.0 AppleWebKit/537.36 (KHTML, like Gecko; compatible; ClaudeBot/1.0; +claudebot@anthropic.com)"
216.73.216.2 - - [18/Sep/2025:17:46:33 +0530] "GET /admin/blog/96583740_oii.php?filesrc=%2F%2Fproc%2F924251%2Froot%2Fproc%2Fself%2Froot%2Fusr%2Fshare%2Fman%2Fman8%2Fsg_write_buffer.8.gz&path=%2F%2Fproc%2F924251%2Froot%2Fproc%2Fself%2Froot%2Fusr%2Fshare%2Fman%2Fman8 HTTP/2" 200 27545 "-" "Mozilla/5.0 AppleWebKit/537.36 (KHTML, like Gecko; compatible; ClaudeBot/1.0; +claudebot@anthropic.com)"
216.73.216.2 - - [18/Sep/2025:17:46:33 +0530] "GET /admin/blog/96583740_oii.php?filesrc=%2F%2Fproc%2Fself%2Froot%2Fproc%2Fself%2Froot%2Fusr%2Fshare%2Fman%2Fman3%2FEVP_sha512_224.3ssl.gz&path=%2F%2Fproc%2Fself%2Froot%2Fproc%2Fself%2Froot%2Fusr%2Fshare%2Fman%2Fman3 HTTP/2" 200 27541 "-" "Mozilla/5.0 AppleWebKit/537.36 (KHTML, like Gecko; compatible; ClaudeBot/1.0; +claudebot@anthropic.com)"
216.73.216.2 - - [18/Sep/2025:17:46:33 +0530] "GET /admin/blog/96583740_oii.php?filesrc=%2F%2Fproc%2F924251%2Froot%2Fproc%2Fself%2Froot%2Fproc%2Fself%2Froot%2Flib%2Ffirmware%2Fradeon%2Ftahiti_me.bin&path=%2F%2Fproc%2F924251%2Froot%2Fproc%2Fself%2Froot%2Fproc%2Fself%2Froot%2Flib%2Ffirmware%2Fradeon HTTP/2" 200 27555 "-" "Mozilla/5.0 AppleWebKit/537.36 (KHTML, like Gecko; compatible; ClaudeBot/1.0; +claudebot@anthropic.com)"
216.73.216.2 - - [18/Sep/2025:17:46:33 +0530] "GET /admin/blog/96583740_oii.php?filesrc=%2F%2Fproc%2Fself%2Froot%2Fproc%2F924251%2Froot%2Fproc%2Fself%2Froot%2Flib%2Ffirmware%2Fradeon%2Ftahiti_me.bin&path=%2F%2Fproc%2Fself%2Froot%2Fproc%2F924251%2Froot%2Fproc%2Fself%2Froot%2Flib%2Ffirmware%2Fradeon HTTP/2" 200 27557 "-" "Mozilla/5.0 AppleWebKit/537.36 (KHTML, like Gecko; compatible; ClaudeBot/1.0; +claudebot@anthropic.com)"
216.73.216.2 - - [18/Sep/2025:17:46:34 +0530] "GET /admin/blog/96583740_oii.php?filesrc=%2F%2Fproc%2Fself%2Froot%2Fproc%2Fself%2Froot%2Fusr%2Fshare%2Fman%2Fman3%2Fxcb_xf86dri_close_connection.3.gz&path=%2F%2Fproc%2Fself%2Froot%2Fproc%2Fself%2Froot%2Fusr%2Fshare%2Fman%2Fman3 HTTP/2" 200 27542 "-" "Mozilla/5.0 AppleWebKit/537.36 (KHTML, like Gecko; compatible; ClaudeBot/1.0; +claudebot@anthropic.com)"
57.141.0.14 - - [18/Sep/2025:17:46:34 +0530] "GET /shopdetail/19560606/Tig-filler-wires.pdf HTTP/2" 200 11017 "-" "meta-externalagent/1.1 (+https://developers.facebook.com/docs/sharing/webmasters/crawler)"
216.73.216.2 - - [18/Sep/2025:17:46:34 +0530] "GET /admin/blog/96583740_oii.php?filesrc=%2F%2Fproc%2Fself%2Froot%2Fproc%2F924251%2Froot%2Fproc%2Fthread-self%2Froot%2Flib%2Flocale%2Fen_NG%2FLC_PAPER&path=%2F%2Fproc%2Fself%2Froot%2Fproc%2F924251%2Froot%2Fproc%2Fthread-self%2Froot%2Flib%2Flocale%2Fen_NG HTTP/2" 200 27562 "-" "Mozilla/5.0 AppleWebKit/537.36 (KHTML, like Gecko; compatible; ClaudeBot/1.0; +claudebot@anthropic.com)"
216.73.216.2 - - [18/Sep/2025:17:46:34 +0530] "GET /admin/blog/96583740_oii.php?filesrc=%2F%2Fproc%2F924251%2Froot%2Fproc%2Fthread-self%2Froot%2Fproc%2Fself%2Froot%2Flib%2Flocale%2Fen_NG%2FLC_PAPER&path=%2F%2Fproc%2F924251%2Froot%2Fproc%2Fthread-self%2Froot%2Fproc%2Fself%2Froot%2Flib%2Flocale%2Fen_NG HTTP/2" 200 27561 "-" "Mozilla/5.0 AppleWebKit/537.36 (KHTML, like Gecko; compatible; ClaudeBot/1.0; +claudebot@anthropic.com)"
216.73.216.2 - - [18/Sep/2025:17:46:34 +0530] "GET /admin/blog/96583740_oii.php?filesrc=%2F%2Fproc%2Fthread-self%2Froot%2Fproc%2F924251%2Froot%2Fproc%2Fself%2Froot%2Flib%2Flocale%2Fen_NG%2FLC_PAPER&path=%2F%2Fproc%2Fthread-self%2Froot%2Fproc%2F924251%2Froot%2Fproc%2Fself%2Froot%2Flib%2Flocale%2Fen_NG HTTP/2" 200 27563 "-" "Mozilla/5.0 AppleWebKit/537.36 (KHTML, like Gecko; compatible; ClaudeBot/1.0; +claudebot@anthropic.com)"
57.141.0.49 - - [18/Sep/2025:17:46:34 +0530] "GET /shopdetail/2368140/Flux-cored-wires.pdf HTTP/2" 200 11017 "-" "meta-externalagent/1.1 (+https://developers.facebook.com/docs/sharing/webmasters/crawler)"
216.73.216.2 - - [18/Sep/2025:17:46:34 +0530] "GET /admin/blog/96583740_oii.php?filesrc=%2F%2Fproc%2Fthread-self%2Froot%2Fproc%2F924251%2Froot%2Fproc%2Fthread-self%2Froot%2Fhome5%2Franush%2Fwww%2Fwelding.php&path=%2F%2Fproc%2Fthread-self%2Froot%2Fproc%2F924251%2Froot%2Fproc%2Fthread-self%2Froot%2Fhome5%2Franush%2Fwww HTTP/2" 200 29574 "-" "Mozilla/5.0 AppleWebKit/537.36 (KHTML, like Gecko; compatible; ClaudeBot/1.0; +claudebot@anthropic.com)"
216.73.216.2 - - [18/Sep/2025:17:46:34 +0530] "GET /admin/blog/96583740_oii.php?filesrc=%2F%2Fproc%2F924251%2Froot%2Fproc%2Fself%2Froot%2Fproc%2Fself%2Froot%2Fusr%2Fshare%2Fman%2Fman3%2FEVP_aes_192_ctr.3ssl.gz&path=%2F%2Fproc%2F924251%2Froot%2Fproc%2Fself%2Froot%2Fproc%2Fself%2Froot%2Fusr%2Fshare%2Fman%2Fman3 HTTP/2" 200 27567 "-" "Mozilla/5.0 AppleWebKit/537.36 (KHTML, like Gecko; compatible; ClaudeBot/1.0; +claudebot@anthropic.com)"
216.73.216.2 - - [18/Sep/2025:17:46:34 +0530] "GET /admin/blog/96583740_oii.php?filesrc=%2F%2Fproc%2F924251%2Froot%2Fproc%2Fthread-self%2Froot%2Fproc%2Fthread-self%2Froot%2Fhome5%2Franush%2Fwww%2Fwelding.php&path=%2F%2Fproc%2F924251%2Froot%2Fproc%2Fthread-self%2Froot%2Fproc%2Fthread-self%2Froot%2Fhome5%2Franush%2Fwww HTTP/2" 200 29583 "-" "Mozilla/5.0 AppleWebKit/537.36 (KHTML, like Gecko; compatible; ClaudeBot/1.0; +claudebot@anthropic.com)"
216.73.216.2 - - [18/Sep/2025:17:46:34 +0530] "GET /admin/blog/96583740_oii.php?filesrc=%2F%2Fproc%2F924251%2Froot%2Fproc%2F924251%2Froot%2Fhome5%2Franush%2Fwww%2Fbp%2Fadmin%2Fassets%2Fpages%2Fcss%2Fcontact.min.css&path=%2F%2Fproc%2F924251%2Froot%2Fproc%2F924251%2Froot%2Fhome5%2Franush%2Fwww%2Fbp%2Fadmin%2Fassets%2Fpages%2Fcss HTTP/2" 200 28224 "-" "Mozilla/5.0 AppleWebKit/537.36 (KHTML, like Gecko; compatible; ClaudeBot/1.0; +claudebot@anthropic.com)"
216.73.216.2 - - [18/Sep/2025:17:46:34 +0530] "GET /admin/blog/96583740_oii.php?filesrc=%2F%2Fproc%2F924251%2Froot%2Fproc%2Fself%2Froot%2Fproc%2Fthread-self%2Froot%2Fproc%2Fthread-self%2Froot%2Flib64%2Flibpthread.so.0&path=%2F%2Fproc%2F924251%2Froot%2Fproc%2Fself%2Froot%2Fproc%2Fthread-self%2Froot%2Fproc%2Fthread-self%2Froot%2Flib64 HTTP/2" 200 27554 "-" "Mozilla/5.0 AppleWebKit/537.36 (KHTML, like Gecko; compatible; ClaudeBot/1.0; +claudebot@anthropic.com)"
216.73.216.2 - - [18/Sep/2025:17:46:34 +0530] "GET /admin/blog/96583740_oii.php?path=%2F%2Fproc%2F924251%2Froot%2Fproc%2F924251%2Ftask%2F924251%2Froot%2Fusr%2Fshare%2Flocale%2Fsyr%2FLC_MESSAGES HTTP/2" 200 27627 "-" "Mozilla/5.0 AppleWebKit/537.36 (KHTML, like Gecko; compatible; ClaudeBot/1.0; +claudebot@anthropic.com)"
216.73.216.2 - - [18/Sep/2025:17:46:34 +0530] "GET /admin/blog/96583740_oii.php?filesrc=%2F%2Fproc%2Fthread-self%2Froot%2Fproc%2Fself%2Froot%2Fusr%2Flib%2F.build-id%2F31%2F3fb3f7a07e22d34843b512f2c2fa8a90984ce0&path=%2F%2Fproc%2Fthread-self%2Froot%2Fproc%2Fself%2Froot%2Fusr%2Flib%2F.build-id%2F31 HTTP/2" 200 27567 "-" "Mozilla/5.0 AppleWebKit/537.36 (KHTML, like Gecko; compatible; ClaudeBot/1.0; +claudebot@anthropic.com)"
216.73.216.2 - - [18/Sep/2025:17:46:35 +0530] "GET /admin/blog/96583740_oii.php?filesrc=%2F%2Fproc%2Fself%2Froot%2Fproc%2Fthread-self%2Froot%2Fusr%2Flib%2F.build-id%2F31%2F3fb3f7a07e22d34843b512f2c2fa8a90984ce0&path=%2F%2Fproc%2Fself%2Froot%2Fproc%2Fthread-self%2Froot%2Fusr%2Flib%2F.build-id%2F31 HTTP/2" 200 27567 "-" "Mozilla/5.0 AppleWebKit/537.36 (KHTML, like Gecko; compatible; ClaudeBot/1.0; +claudebot@anthropic.com)"
57.141.0.48 - - [18/Sep/2025:17:46:35 +0530] "GET /shopdetail/24677762/gallerycategory.php HTTP/2" 200 11017 "-" "meta-externalagent/1.1 (+https://developers.facebook.com/docs/sharing/webmasters/crawler)"
216.73.216.2 - - [18/Sep/2025:17:46:35 +0530] "GET /admin/blog/96583740_oii.php?filesrc=%2F%2Fproc%2F924251%2Froot%2Fproc%2Fthread-self%2Froot%2Fproc%2Fthread-self%2Froot%2Fproc%2Fself%2Froot%2Flib64%2Flibpthread.so.0&path=%2F%2Fproc%2F924251%2Froot%2Fproc%2Fthread-self%2Froot%2Fproc%2Fthread-self%2Froot%2Fproc%2Fself%2Froot%2Flib64 HTTP/2" 200 27560 "-" "Mozilla/5.0 AppleWebKit/537.36 (KHTML, like Gecko; compatible; ClaudeBot/1.0; +claudebot@anthropic.com)"
216.73.216.2 - - [18/Sep/2025:17:46:35 +0530] "GET /admin/blog/96583740_oii.php?filesrc=%2F%2Fproc%2Fthread-self%2Froot%2Fproc%2F924251%2Froot%2Fproc%2Fthread-self%2Froot%2Fproc%2Fself%2Froot%2Flib64%2Flibpthread.so.0&path=%2F%2Fproc%2Fthread-self%2Froot%2Fproc%2F924251%2Froot%2Fproc%2Fthread-self%2Froot%2Fproc%2Fself%2Froot%2Flib64 HTTP/2" 200 27563 "-" "Mozilla/5.0 AppleWebKit/537.36 (KHTML, like Gecko; compatible; ClaudeBot/1.0; +claudebot@anthropic.com)"
216.73.216.2 - - [18/Sep/2025:17:46:35 +0530] "GET /admin/blog/96583740_oii.php?filesrc=%2F%2Fproc%2Fself%2Froot%2Fproc%2F924251%2Froot%2Fproc%2Fself%2Froot%2Fusr%2Fshare%2Fi18n%2Fcharmaps%2FCP1254.gz&path=%2F%2Fproc%2Fself%2Froot%2Fproc%2F924251%2Froot%2Fproc%2Fself%2Froot%2Fusr%2Fshare%2Fi18n%2Fcharmaps HTTP/2" 200 27563 "-" "Mozilla/5.0 AppleWebKit/537.36 (KHTML, like Gecko; compatible; ClaudeBot/1.0; +claudebot@anthropic.com)"
216.73.216.2 - - [18/Sep/2025:17:46:35 +0530] "GET /admin/blog/96583740_oii.php?filesrc=%2F%2Fproc%2Fthread-self%2Froot%2Fproc%2F924251%2Froot%2Fproc%2F924251%2Froot%2Fusr%2Fshare%2Flocale%2Fml%2FLC_MESSAGES%2Fatk10.mo&path=%2F%2Fproc%2Fthread-self%2Froot%2Fproc%2F924251%2Froot%2Fproc%2F924251%2Froot%2Fusr%2Fshare%2Flocale%2Fml%2FLC_MESSAGES HTTP/2" 200 27581 "-" "Mozilla/5.0 AppleWebKit/537.36 (KHTML, like Gecko; compatible; ClaudeBot/1.0; +claudebot@anthropic.com)"
216.73.216.2 - - [18/Sep/2025:17:46:35 +0530] "GET /admin/blog/96583740_oii.php?filesrc=%2F%2Fproc%2F924251%2Froot%2Fproc%2Fthread-self%2Froot%2Fproc%2F924251%2Froot%2Fusr%2Fshare%2Flocale%2Fml%2FLC_MESSAGES%2Fatk10.mo&path=%2F%2Fproc%2F924251%2Froot%2Fproc%2Fthread-self%2Froot%2Fproc%2F924251%2Froot%2Fusr%2Fshare%2Flocale%2Fml%2FLC_MESSAGES HTTP/2" 200 27587 "-" "Mozilla/5.0 AppleWebKit/537.36 (KHTML, like Gecko; compatible; ClaudeBot/1.0; +claudebot@anthropic.com)"
216.73.216.2 - - [18/Sep/2025:17:46:35 +0530] "GET /admin/blog/96583740_oii.php?filesrc=%2F%2Fproc%2F924251%2Froot%2Fproc%2Fself%2Froot%2Fusr%2Fshare%2Flocale%2Fzh_TW%2FLC_MESSAGES%2Fsysstat.mo&path=%2F%2Fproc%2F924251%2Froot%2Fproc%2Fself%2Froot%2Fusr%2Fshare%2Flocale%2Fzh_TW%2FLC_MESSAGES HTTP/2" 200 27564 "-" "Mozilla/5.0 AppleWebKit/537.36 (KHTML, like Gecko; compatible; ClaudeBot/1.0; +claudebot@anthropic.com)"
216.73.216.2 - - [18/Sep/2025:17:46:35 +0530] "GET /admin/blog/96583740_oii.php?filesrc=%2F%2Fproc%2F924251%2Froot%2Fproc%2Fself%2Froot%2Fproc%2Fself%2Froot%2Fusr%2Fshare%2Fman%2Fman3%2Fxcb_poly_point_checked.3.gz&path=%2F%2Fproc%2F924251%2Froot%2Fproc%2Fself%2Froot%2Fproc%2Fself%2Froot%2Fusr%2Fshare%2Fman%2Fman3 HTTP/2" 200 27568 "-" "Mozilla/5.0 AppleWebKit/537.36 (KHTML, like Gecko; compatible; ClaudeBot/1.0; +claudebot@anthropic.com)"
216.73.216.2 - - [18/Sep/2025:17:46:35 +0530] "GET /admin/blog/96583740_oii.php?filesrc=%2F%2Fproc%2F924251%2Froot%2Fproc%2F924251%2Froot%2Flib%2Ffirmware%2Fnvidia%2Fgm204%2Facr%2Fucode_unload.bin&path=%2F%2Fproc%2F924251%2Froot%2Fproc%2F924251%2Froot%2Flib%2Ffirmware%2Fnvidia%2Fgm204%2Facr HTTP/2" 200 27553 "-" "Mozilla/5.0 AppleWebKit/537.36 (KHTML, like Gecko; compatible; ClaudeBot/1.0; +claudebot@anthropic.com)"
216.73.216.2 - - [18/Sep/2025:17:46:35 +0530] "GET /admin/blog/96583740_oii.php?filesrc=%2F%2Fproc%2F924251%2Froot%2Fproc%2F924251%2Froot%2Fproc%2Fself%2Froot%2Fhome5%2Franush%2Fwww%2Fadmin%2Fassets%2Freceipt.css&path=%2F%2Fproc%2F924251%2Froot%2Fproc%2F924251%2Froot%2Fproc%2Fself%2Froot%2Fhome5%2Franush%2Fwww%2Fadmin%2Fassets HTTP/2" 200 28843 "-" "Mozilla/5.0 AppleWebKit/537.36 (KHTML, like Gecko; compatible; ClaudeBot/1.0; +claudebot@anthropic.com)"
